{"id":48208,"date":"2023-11-05T15:37:43","date_gmt":"2023-11-05T15:37:43","guid":{"rendered":"https:\/\/dominikahome.com\/product\/sofa-lorena\/"},"modified":"2023-11-05T15:37:43","modified_gmt":"2023-11-05T15:37:43","slug":"sofa-lorena","status":"publish","type":"product","link":"https:\/\/dominikahome.com\/es\/producto\/sofa-lorena\/","title":{"rendered":"Sof\u00e1 Lorena"},"content":{"rendered":"<div class=\"col-12 col-lg-6\">\n    La musa del sof\u00e1 Loren fue el chic urbano &#8211; y una pasi\u00f3n por <strong>los cl\u00e1sicos con sutiles acentos de modernidad<\/strong>.<\/p>\n<p>    Rompimos su forma simple y baja con un marco ligero y travieso de <strong>altas patas de metal<\/strong>, cuyas bases se abren hacia los lados. Sin embargo, el coraz\u00f3n y la base del mueble es la madera cruda &#8211; que asegura no solo estabilidad, sino tambi\u00e9n durabilidad durante a\u00f1os.<\/p>\n<p>    Si\u00e9ntate y siente c\u00f3mo el asiento profundo da un respiro a tu espalda cansada, y los anchos <strong>apoyabrazos suavemente redondeados<\/strong> apoyan c\u00f3modamente tus brazos.<\/p>\n<p>    Lorena se siente genial en interiores de loft y nuevos, y gracias a su car\u00e1cter atemporal y su despreocupada nochalance, funcionar\u00e1 bien no solo en tu hogar, sino tambi\u00e9n en un caf\u00e9, sala de espera o barber\u00eda.<\/p>\n<p>    <strong>Dimensiones<\/strong>\n<\/div>\n<table class=\"woocommerce-product-attributes shop_attributes table table-ramaro\">\n<tbody>\n<tr class=\"woocommerce-product-attributes-item\">\n<th>ANCHO<\/th>\n<td>230 cm<\/td>\n<\/tr>\n<tr class=\"woocommerce-product-attributes-item\">\n<th>PROFUNDIDAD<\/th>\n<td>92 cm<\/td>\n<\/tr>\n<tr class=\"woocommerce-product-attributes-item\">\n<th>ALTURA<\/th>\n<td>80 cm<\/td>\n<\/tr>\n<tr class=\"woocommerce-product-attributes-item\">\n<th>ANCHURA DEL ASIENTO<\/th>\n<td>88 cm<\/td>\n<\/tr>\n<tr class=\"woocommerce-product-attributes-item\">\n<th>PROFUNDIDAD DEL ASIENTO<\/th>\n<td>58 cm<\/td>\n<\/tr>\n<tr class=\"woocommerce-product-attributes-item\">\n<th>ALTURA DEL ASIENTO<\/th>\n<td>38 cm<\/td>\n<\/tr>\n<tr class=\"woocommerce-product-attributes-item\">\n<th>ANCHURA DEL APOYABRAZOS<\/th>\n<td>24 cm<\/td>\n<\/tr>\n<tr class=\"woocommerce-product-attributes-item\">\n<th>ALTURA DE LAS PATAS<\/th>\n<td>12 cm<\/td>\n<\/tr>\n<\/tbody>\n<\/table>\n<p><strong>Datos t\u00e9cnicos<\/strong><\/p>\n<table class=\"woocommerce-product-attributes shop_attributes table table-ramaro\">\n<tbody>\n<tr class=\"woocommerce-product-attributes-item\">\n<th>RELLENO DEL RESPALDO<\/th>\n<td>Espuma T18 + espuma VP<\/td>\n<\/tr>\n<tr class=\"woocommerce-product-attributes-item\">\n<th>RELLENO DEL ASIENTO<\/th>\n<td>Espuma HR altamente el\u00e1stica<\/td>\n<\/tr>\n<tr class=\"woocommerce-product-attributes-item\">\n<th>TIPO DE RESORTES<\/th>\n<td>Tipo &#8220;B&#8221; ondulado &#8211; redondo<\/td>\n<\/tr>\n<tr class=\"woocommerce-product-attributes-item\">\n<th>CONSTRUCCI\u00d3N<\/th>\n<td>de madera<\/td>\n<\/tr>\n<\/tbody>\n<\/table>\n<p>Colores:<\/p>\n<p><img decoding=\"async\" class=\"alignnone wp-image-40700\" title=\"Torre 12 verde oliva\" src=\"https:\/\/dominikahome.com\/wp-content\/uploads\/2023\/11\/Torre-12.png-300x300.webp\" alt=\"Torre 12\" width=\"135\" height=\"135\" \/><br \/>\n<img decoding=\"async\" class=\"alignnone wp-image-40701\" title=\"Torre 4 Beige\" src=\"https:\/\/dominikahome.com\/wp-content\/uploads\/2023\/11\/Torre-4.png-300x300.webp\" alt=\"Torre 4 Beige\" width=\"135\" height=\"135\" \/><br \/>\n<img decoding=\"async\" class=\"alignnone wp-image-40702\" title=\"Torre 18 Gris\" src=\"https:\/\/dominikahome.com\/wp-content\/uploads\/2023\/11\/Torre-18grey-300x300.webp\" alt=\"Torre 18 Gris\" width=\"135\" height=\"135\" \/><br \/>\n<img loading=\"lazy\" decoding=\"async\" class=\"alignnone wp-image-40703\" title=\"Torre 8 Marr\u00f3n\" src=\"https:\/\/dominikahome.com\/wp-content\/uploads\/2023\/11\/Torre-8-brick-300x300.webp\" alt=\"Torre 8 Marr\u00f3n\" width=\"135\" height=\"135\" \/><br \/>\n<img loading=\"lazy\" decoding=\"async\" class=\"alignnone wp-image-40704\" title=\"Torre 20 Negro\" src=\"https:\/\/dominikahome.com\/wp-content\/uploads\/2023\/11\/Torre-20black-300x300.webp\" alt=\"Torre 20 Negro\" width=\"135\" height=\"135\" \/><br \/>\n<img loading=\"lazy\" decoding=\"async\" class=\"alignnone wp-image-40705\" title=\"Torre 10 Mostaza\" src=\"https:\/\/dominikahome.com\/wp-content\/uploads\/2023\/11\/Torre-10yellow-300x300.webp\" alt=\"Torre 10 Mostaza\" width=\"135\" height=\"135\" \/><\/p>\n<p>Hecho en Europa<\/p>\n<p>Hecho a medida, 5-7 semanas<\/p>\n","protected":false},"excerpt":{"rendered":"<p>La musa del sof\u00e1 Loren fue el chic urbano &#8211; y una pasi\u00f3n por los cl\u00e1sicos con sutiles acentos de modernidad. Rompimos su forma simple y baja con un marco ligero y travieso de altas patas de metal, cuyas bases se abren hacia los lados. Sin embargo, el coraz\u00f3n y la base del mueble es [&hellip;]<\/p>\n","protected":false},"featured_media":46394,"template":"","meta":[],"product_brand":[745],"product_cat":[674],"product_tag":[592],"class_list":{"0":"post-48208","1":"product","2":"type-product","3":"status-publish","4":"has-post-thumbnail","6":"product_brand-ramar-es","7":"product_cat-sofas-es","8":"product_tag-sofa-es","9":"product_shipping_class-pesado","12":"first","13":"instock","14":"shipping-taxable","15":"purchasable","16":"product-type-variable"},"_links":{"self":[{"href":"https:\/\/dominikahome.com\/es\/wp-json\/wp\/v2\/product\/48208","targetHints":{"allow":["GET"]}}],"collection":[{"href":"https:\/\/dominikahome.com\/es\/wp-json\/wp\/v2\/product"}],"about":[{"href":"https:\/\/dominikahome.com\/es\/wp-json\/wp\/v2\/types\/product"}],"wp:featuredmedia":[{"embeddable":true,"href":"https:\/\/dominikahome.com\/es\/wp-json\/wp\/v2\/media\/46394"}],"wp:attachment":[{"href":"https:\/\/dominikahome.com\/es\/wp-json\/wp\/v2\/media?parent=48208"}],"wp:term":[{"taxonomy":"product_brand","embeddable":true,"href":"https:\/\/dominikahome.com\/es\/wp-json\/wp\/v2\/product_brand?post=48208"},{"taxonomy":"product_cat","embeddable":true,"href":"https:\/\/dominikahome.com\/es\/wp-json\/wp\/v2\/product_cat?post=48208"},{"taxonomy":"product_tag","embeddable":true,"href":"https:\/\/dominikahome.com\/es\/wp-json\/wp\/v2\/product_tag?post=48208"}],"curies":[{"name":"wp","href":"https:\/\/api.w.org\/{rel}","templated":true}]}}

Sofá Lorena

<div class="col-12 col-lg-6">
    La musa del sofá Loren fue el chic urbano &#8211; y una pasión por <strong>los clásicos con sutiles acentos de modernidad</strong>.</p>
<p>    Rompimos su forma simple y baja con un marco ligero y travieso de <strong>altas patas de metal</strong>, cuyas bases se abren hacia los lados. Sin embargo, el corazón y la base del mueble es la madera cruda &#8211; que asegura no solo estabilidad, sino también durabilidad durante años.</p>
<p>    Siéntate y siente cómo el asiento profundo da un respiro a tu espalda cansada, y los anchos <strong>apoyabrazos suavemente redondeados</strong> apoyan cómodamente tus brazos.</p>
<p>    Lorena se siente genial en interiores de loft y nuevos, y gracias a su carácter atemporal y su despreocupada nochalance, funcionará bien no solo en tu hogar, sino también en un café, sala de espera o barbería.</p>
<p>    <strong>Dimensiones</strong>
</div>
<table class="woocommerce-product-attributes shop_attributes table table-ramaro">
<tbody>
<tr class="woocommerce-product-attributes-item">
<th>ANCHO</th>
<td>230 cm</td>
</tr>
<tr class="woocommerce-product-attributes-item">
<th>PROFUNDIDAD</th>
<td>92 cm</td>
</tr>
<tr class="woocommerce-product-attributes-item">
<th>ALTURA</th>
<td>80 cm</td>
</tr>
<tr class="woocommerce-product-attributes-item">
<th>ANCHURA DEL ASIENTO</th>
<td>88 cm</td>
</tr>
<tr class="woocommerce-product-attributes-item">
<th>PROFUNDIDAD DEL ASIENTO</th>
<td>58 cm</td>
</tr>
<tr class="woocommerce-product-attributes-item">
<th>ALTURA DEL ASIENTO</th>
<td>38 cm</td>
</tr>
<tr class="woocommerce-product-attributes-item">
<th>ANCHURA DEL APOYABRAZOS</th>
<td>24 cm</td>
</tr>
<tr class="woocommerce-product-attributes-item">
<th>ALTURA DE LAS PATAS</th>
<td>12 cm</td>
</tr>
</tbody>
</table>
<p><strong>Datos técnicos</strong></p>
<table class="woocommerce-product-attributes shop_attributes table table-ramaro">
<tbody>
<tr class="woocommerce-product-attributes-item">
<th>RELLENO DEL RESPALDO</th>
<td>Espuma T18 + espuma VP</td>
</tr>
<tr class="woocommerce-product-attributes-item">
<th>RELLENO DEL ASIENTO</th>
<td>Espuma HR altamente elástica</td>
</tr>
<tr class="woocommerce-product-attributes-item">
<th>TIPO DE RESORTES</th>
<td>Tipo &#8220;B&#8221; ondulado &#8211; redondo</td>
</tr>
<tr class="woocommerce-product-attributes-item">
<th>CONSTRUCCIÓN</th>
<td>de madera</td>
</tr>
</tbody>
</table>
<p>Colores:</p>
<p><img decoding="async" class="alignnone wp-image-40700" title="Torre 12 verde oliva" src="https://dominikahome.com/wp-content/uploads/2023/11/Torre-12.png-300x300.webp" alt="Torre 12" width="135" height="135" /><br />
<img decoding="async" class="alignnone wp-image-40701" title="Torre 4 Beige" src="https://dominikahome.com/wp-content/uploads/2023/11/Torre-4.png-300x300.webp" alt="Torre 4 Beige" width="135" height="135" /><br />
<img decoding="async" class="alignnone wp-image-40702" title="Torre 18 Gris" src="https://dominikahome.com/wp-content/uploads/2023/11/Torre-18grey-300x300.webp" alt="Torre 18 Gris" width="135" height="135" /><br />
<img loading="lazy" decoding="async" class="alignnone wp-image-40703" title="Torre 8 Marrón" src="https://dominikahome.com/wp-content/uploads/2023/11/Torre-8-brick-300x300.webp" alt="Torre 8 Marrón" width="135" height="135" /><br />
<img loading="lazy" decoding="async" class="alignnone wp-image-40704" title="Torre 20 Negro" src="https://dominikahome.com/wp-content/uploads/2023/11/Torre-20black-300x300.webp" alt="Torre 20 Negro" width="135" height="135" /><br />
<img loading="lazy" decoding="async" class="alignnone wp-image-40705" title="Torre 10 Mostaza" src="https://dominikahome.com/wp-content/uploads/2023/11/Torre-10yellow-300x300.webp" alt="Torre 10 Mostaza" width="135" height="135" /></p>
<p>Hecho en Europa</p>
<p>Hecho a medida, 5-7 semanas</p>

<p>La musa del sofá Loren fue el chic urbano &#8211; y una pasión por los clásicos con sutiles acentos de modernidad. Rompimos su forma simple y baja con un marco ligero y travieso de altas patas de metal, cuyas bases se abren hacia los lados. Sin embargo, el corazón y la base del mueble es [&hellip;]</p>
