{"id":48247,"date":"2023-11-05T12:03:33","date_gmt":"2023-11-05T12:03:33","guid":{"rendered":"https:\/\/dominikahome.com\/product\/artis\/"},"modified":"2023-11-05T12:03:33","modified_gmt":"2023-11-05T12:03:33","slug":"artis","status":"publish","type":"product","link":"https:\/\/dominikahome.com\/es\/producto\/artis\/","title":{"rendered":"ARTIS"},"content":{"rendered":"<div class=\"rl_tabs nn_tabs outline_handles outline_content top align_left has_effects\" role=\"presentation\">\n<div class=\"tab-content\">\n<div id=\"opis\" class=\"tab-pane rl_tabs-pane nn_tabs-pane active\" role=\"tabpanel\" aria-labelledby=\"tab-opis\" aria-hidden=\"false\">\n            <strong>Forma cl\u00e1sica<\/strong><\/p>\n<p>            La colecci\u00f3n Artis es un gui\u00f1o a los amantes de la <strong>est\u00e9tica cl\u00e1sica y las formas simples y atemporales<\/strong>. La colecci\u00f3n incluye una silla y un sof\u00e1 disponibles en dos tama\u00f1os con <strong>cojines decorativos<\/strong> que a\u00f1adir\u00e1n <strong>un acento acogedor<\/strong> a cualquier arreglo. La belleza cl\u00e1sica de Artis va de la mano con <strong>una comodidad extraordinaria de uso<\/strong>, lograda gracias al uso de <strong>los materiales m\u00e1s nobles<\/strong>.<\/p>\n<p>            <strong>\u00bfQu\u00e9 distingue a la colecci\u00f3n Artis?<\/strong><\/p>\n<ul>\n<li><strong>Variedad de modelos<\/strong> &#8211; la colecci\u00f3n incluye un sof\u00e1 con cojines decorativos en dos dimensiones y una silla.<\/li>\n<li><strong>Patas de metal negro<\/strong> &#8211; aseguran la estabilidad de la estructura.<\/li>\n<li><strong>Sin funci\u00f3n de cama<\/strong> &#8211; esto se traduce en una suavidad y comodidad excepcionales de los muebles, ya que su estructura no contiene elementos duros adicionales ni mecanismos.<\/li>\n<li><strong>Bolitas de silicona<\/strong> &#8211; granulado que llena el respaldo del modelo Artis, hecho de finas fibras de poli\u00e9ster-silicona que se moldean en bolitas. Est\u00e1n torsionadas para permitir el paso del aire. Se caracterizan por su elasticidad y esponjosidad, gracias a las cuales los muebles Artis se adaptan a la forma del cuerpo, asegurando una comodidad de uso excepcional.<\/li>\n<li><strong>Espuma HR altamente flexible<\/strong> &#8211; un tipo de espuma de poliuretano anti-al\u00e9rgica con una estructura porosa y densa, que llena el asiento del modelo Artis. Gracias a ello, los muebles se adaptan perfectamente al cuerpo, y el material tambi\u00e9n asegura una buena circulaci\u00f3n de aire, previniendo la acumulaci\u00f3n de microorganismos.<\/li>\n<\/ul>\n<p>            <strong>Car\u00e1cter representativo<\/strong><\/p>\n<p>            La colecci\u00f3n Artis no solo funcionar\u00e1 muy bien en arreglos hogare\u00f1os, sino que tambi\u00e9n a\u00f1adir\u00e1 <strong>un car\u00e1cter elegante y representativo a diversos espacios p\u00fablicos<\/strong>. Artis se adaptar\u00e1 perfectamente a la decoraci\u00f3n de una oficina, un vestidor o una habitaci\u00f3n de invitados, deleitando a los visitantes con su estilo chic.<\/p>\n<p>            Dimensiones:<\/p>\n<p>            <strong>Sof\u00e1 de 2.5 plazas<\/strong><\/p>\n<table class=\"n54117_dictionary\">\n<tbody>\n<tr class=\"element\">\n<td class=\"n54117_item_a1\">Ancho (cm)<span class=\"n67256colon\">:<\/span><\/td>\n<td class=\"n54117_item_b1\">\n<div class=\"n54117_item_b_sub\">207<\/div>\n<\/td>\n<\/tr>\n<tr class=\"element\">\n<td class=\"n54117_item_a2\">Altura (cm)<span class=\"n67256colon\">:<\/span><\/td>\n<td class=\"n54117_item_b2\">\n<div class=\"n54117_item_b_sub\">94<\/div>\n<\/td>\n<\/tr>\n<tr class=\"element\">\n<td class=\"n54117_item_a1\">Profundidad (cm)<span class=\"n67256colon\">:<\/span><\/td>\n<td class=\"n54117_item_b1\">\n<div class=\"n54117_item_b_sub\">106<\/div>\n<\/td>\n<\/tr>\n<tr class=\"element\">\n<td class=\"n54117_item_a2\">Altura del asiento (cm)<span class=\"n67256colon\">:<\/span><\/td>\n<td class=\"n54117_item_b2\">\n<div class=\"n54117_item_b_sub\">49<\/div>\n<\/td>\n<\/tr>\n<tr class=\"element\">\n<td class=\"n54117_item_a1\">Profundidad del asiento (cm)<span class=\"n67256colon\">:<\/span><\/td>\n<td class=\"n54117_item_b1\">\n<div class=\"n54117_item_b_sub\">65\/44,5<\/div>\n<\/td>\n<\/tr>\n<\/tbody>\n<\/table>\n<p>            <strong>Sof\u00e1 de 3 plazas<\/strong><\/p>\n<table class=\"n54117_dictionary\">\n<tbody>\n<tr class=\"element\">\n<td class=\"n54117_item_a1\">Ancho (cm)<span class=\"n67256colon\">:<\/span><\/td>\n<td class=\"n54117_item_b1\">\n<div class=\"n54117_item_b_sub\">227<\/div>\n<\/td>\n<\/tr>\n<tr class=\"element\">\n<td class=\"n54117_item_a2\">Altura (cm)<span class=\"n67256colon\">:<\/span><\/td>\n<td class=\"n54117_item_b2\">\n<div class=\"n54117_item_b_sub\">94<\/div>\n<\/td>\n<\/tr>\n<tr class=\"element\">\n<td class=\"n54117_item_a1\">Profundidad (cm)<span class=\"n67256colon\">:<\/span><\/td>\n<td class=\"n54117_item_b1\">\n<div class=\"n54117_item_b_sub\">106<\/div>\n<\/td>\n<\/tr>\n<tr class=\"element\">\n<td class=\"n54117_item_a2\">Altura del asiento (cm)<span class=\"n67256colon\">:<\/span><\/td>\n<td class=\"n54117_item_b2\">\n<div class=\"n54117_item_b_sub\">49<\/div>\n<\/td>\n<\/tr>\n<tr class=\"element\">\n<td class=\"n54117_item_a1\">Profundidad del asiento (cm)<span class=\"n67256colon\">:<\/span><\/td>\n<td class=\"n54117_item_b1\">\n<div class=\"n54117_item_b_sub\">65\/44,5<\/div>\n<\/td>\n<\/tr>\n<\/tbody>\n<\/table>\n<p>            <strong>Tejido<\/strong>: Amaral. Aquaclean<\/p>\n<p>            Fabricado en Europa<\/p>\n<p>            Hecho por encargo 5-7 semanas<\/p><\/div>\n<\/p><\/div>\n<\/div>\n","protected":false},"excerpt":{"rendered":"<p>Forma cl\u00e1sica La colecci\u00f3n Artis es un gui\u00f1o a los amantes de la est\u00e9tica cl\u00e1sica y las formas simples y atemporales. La colecci\u00f3n incluye una silla y un sof\u00e1 disponibles en dos tama\u00f1os con cojines decorativos que a\u00f1adir\u00e1n un acento acogedor a cualquier arreglo. La belleza cl\u00e1sica de Artis va de la mano con una [&hellip;]<\/p>\n","protected":false},"featured_media":47720,"template":"","meta":[],"product_brand":[742],"product_cat":[674],"product_tag":[592],"class_list":{"0":"post-48247","1":"product","2":"type-product","3":"status-publish","4":"has-post-thumbnail","6":"product_brand-nordic-es","7":"product_cat-sofas-es","8":"product_tag-sofa-es","9":"product_shipping_class-pesado","12":"first","13":"instock","14":"shipping-taxable","15":"purchasable","16":"product-type-variable"},"_links":{"self":[{"href":"https:\/\/dominikahome.com\/es\/wp-json\/wp\/v2\/product\/48247","targetHints":{"allow":["GET"]}}],"collection":[{"href":"https:\/\/dominikahome.com\/es\/wp-json\/wp\/v2\/product"}],"about":[{"href":"https:\/\/dominikahome.com\/es\/wp-json\/wp\/v2\/types\/product"}],"wp:featuredmedia":[{"embeddable":true,"href":"https:\/\/dominikahome.com\/es\/wp-json\/wp\/v2\/media\/47720"}],"wp:attachment":[{"href":"https:\/\/dominikahome.com\/es\/wp-json\/wp\/v2\/media?parent=48247"}],"wp:term":[{"taxonomy":"product_brand","embeddable":true,"href":"https:\/\/dominikahome.com\/es\/wp-json\/wp\/v2\/product_brand?post=48247"},{"taxonomy":"product_cat","embeddable":true,"href":"https:\/\/dominikahome.com\/es\/wp-json\/wp\/v2\/product_cat?post=48247"},{"taxonomy":"product_tag","embeddable":true,"href":"https:\/\/dominikahome.com\/es\/wp-json\/wp\/v2\/product_tag?post=48247"}],"curies":[{"name":"wp","href":"https:\/\/api.w.org\/{rel}","templated":true}]}}

<div class="rl_tabs nn_tabs outline_handles outline_content top align_left has_effects" role="presentation">
<div class="tab-content">
<div id="opis" class="tab-pane rl_tabs-pane nn_tabs-pane active" role="tabpanel" aria-labelledby="tab-opis" aria-hidden="false">
            <strong>Forma clásica</strong></p>
<p>            La colección Artis es un guiño a los amantes de la <strong>estética clásica y las formas simples y atemporales</strong>. La colección incluye una silla y un sofá disponibles en dos tamaños con <strong>cojines decorativos</strong> que añadirán <strong>un acento acogedor</strong> a cualquier arreglo. La belleza clásica de Artis va de la mano con <strong>una comodidad extraordinaria de uso</strong>, lograda gracias al uso de <strong>los materiales más nobles</strong>.</p>
<p>            <strong>¿Qué distingue a la colección Artis?</strong></p>
<ul>
<li><strong>Variedad de modelos</strong> &#8211; la colección incluye un sofá con cojines decorativos en dos dimensiones y una silla.</li>
<li><strong>Patas de metal negro</strong> &#8211; aseguran la estabilidad de la estructura.</li>
<li><strong>Sin función de cama</strong> &#8211; esto se traduce en una suavidad y comodidad excepcionales de los muebles, ya que su estructura no contiene elementos duros adicionales ni mecanismos.</li>
<li><strong>Bolitas de silicona</strong> &#8211; granulado que llena el respaldo del modelo Artis, hecho de finas fibras de poliéster-silicona que se moldean en bolitas. Están torsionadas para permitir el paso del aire. Se caracterizan por su elasticidad y esponjosidad, gracias a las cuales los muebles Artis se adaptan a la forma del cuerpo, asegurando una comodidad de uso excepcional.</li>
<li><strong>Espuma HR altamente flexible</strong> &#8211; un tipo de espuma de poliuretano anti-alérgica con una estructura porosa y densa, que llena el asiento del modelo Artis. Gracias a ello, los muebles se adaptan perfectamente al cuerpo, y el material también asegura una buena circulación de aire, previniendo la acumulación de microorganismos.</li>
</ul>
<p>            <strong>Carácter representativo</strong></p>
<p>            La colección Artis no solo funcionará muy bien en arreglos hogareños, sino que también añadirá <strong>un carácter elegante y representativo a diversos espacios públicos</strong>. Artis se adaptará perfectamente a la decoración de una oficina, un vestidor o una habitación de invitados, deleitando a los visitantes con su estilo chic.</p>
<p>            Dimensiones:</p>
<p>            <strong>Sofá de 2.5 plazas</strong></p>
<table class="n54117_dictionary">
<tbody>
<tr class="element">
<td class="n54117_item_a1">Ancho (cm)<span class="n67256colon">:</span></td>
<td class="n54117_item_b1">
<div class="n54117_item_b_sub">207</div>
</td>
</tr>
<tr class="element">
<td class="n54117_item_a2">Altura (cm)<span class="n67256colon">:</span></td>
<td class="n54117_item_b2">
<div class="n54117_item_b_sub">94</div>
</td>
</tr>
<tr class="element">
<td class="n54117_item_a1">Profundidad (cm)<span class="n67256colon">:</span></td>
<td class="n54117_item_b1">
<div class="n54117_item_b_sub">106</div>
</td>
</tr>
<tr class="element">
<td class="n54117_item_a2">Altura del asiento (cm)<span class="n67256colon">:</span></td>
<td class="n54117_item_b2">
<div class="n54117_item_b_sub">49</div>
</td>
</tr>
<tr class="element">
<td class="n54117_item_a1">Profundidad del asiento (cm)<span class="n67256colon">:</span></td>
<td class="n54117_item_b1">
<div class="n54117_item_b_sub">65/44,5</div>
</td>
</tr>
</tbody>
</table>
<p>            <strong>Sofá de 3 plazas</strong></p>
<table class="n54117_dictionary">
<tbody>
<tr class="element">
<td class="n54117_item_a1">Ancho (cm)<span class="n67256colon">:</span></td>
<td class="n54117_item_b1">
<div class="n54117_item_b_sub">227</div>
</td>
</tr>
<tr class="element">
<td class="n54117_item_a2">Altura (cm)<span class="n67256colon">:</span></td>
<td class="n54117_item_b2">
<div class="n54117_item_b_sub">94</div>
</td>
</tr>
<tr class="element">
<td class="n54117_item_a1">Profundidad (cm)<span class="n67256colon">:</span></td>
<td class="n54117_item_b1">
<div class="n54117_item_b_sub">106</div>
</td>
</tr>
<tr class="element">
<td class="n54117_item_a2">Altura del asiento (cm)<span class="n67256colon">:</span></td>
<td class="n54117_item_b2">
<div class="n54117_item_b_sub">49</div>
</td>
</tr>
<tr class="element">
<td class="n54117_item_a1">Profundidad del asiento (cm)<span class="n67256colon">:</span></td>
<td class="n54117_item_b1">
<div class="n54117_item_b_sub">65/44,5</div>
</td>
</tr>
</tbody>
</table>
<p>            <strong>Tejido</strong>: Amaral. Aquaclean</p>
<p>            Fabricado en Europa</p>
<p>            Hecho por encargo 5-7 semanas</p></div>
</p></div>
</div>

<p>Forma clásica La colección Artis es un guiño a los amantes de la estética clásica y las formas simples y atemporales. La colección incluye una silla y un sofá disponibles en dos tamaños con cojines decorativos que añadirán un acento acogedor a cualquier arreglo. La belleza clásica de Artis va de la mano con una [&hellip;]</p>
