{"id":48287,"date":"2023-11-05T11:02:51","date_gmt":"2023-11-05T11:02:51","guid":{"rendered":"https:\/\/dominikahome.com\/product\/sofa-cama-werona-3-tamanos\/"},"modified":"2023-11-05T11:02:51","modified_gmt":"2023-11-05T11:02:51","slug":"sofa-cama-werona-3-tamanos","status":"publish","type":"product","link":"https:\/\/dominikahome.com\/es\/producto\/sofa-cama-werona-3-tamanos\/","title":{"rendered":"Sof\u00e1 cama Werona 3 tama\u00f1os"},"content":{"rendered":"<p>Werona es un sof\u00e1 peque\u00f1o que, al desplegarse, tiene una funci\u00f3n de cama diaria. Se caracteriza por un estilo cautivador. El mueble cuenta con lados ajustables que permiten una relajaci\u00f3n adicional en una posici\u00f3n semireclinada. Perfecto tanto para interiores modernos como cl\u00e1sicos.<\/p>\n<p>&nbsp;<\/p>\n<p><img fetchpriority=\"high\" decoding=\"async\" class=\"alignnone size-medium wp-image-40597\" src=\"https:\/\/dominikahome.com\/wp-content\/uploads\/2023\/11\/Verona-cushion-300x300.jpg\" alt=\"\" width=\"300\" height=\"300\" title=\"\"><br \/>\n<img decoding=\"async\" class=\"alignnone size-medium wp-image-40598\" src=\"https:\/\/dominikahome.com\/wp-content\/uploads\/2023\/11\/Verona-rys-eng-300x252.jpg\" alt=\"\" width=\"300\" height=\"252\" title=\"\"><br \/>\n<img decoding=\"async\" class=\"alignnone size-medium wp-image-40596\" src=\"https:\/\/dominikahome.com\/wp-content\/uploads\/2023\/11\/Verona-sofa-160-eng-300x300.jpg\" alt=\"\" width=\"300\" height=\"300\" title=\"\"><br \/>\n<img loading=\"lazy\" decoding=\"async\" class=\"alignnone size-medium wp-image-40599\" src=\"https:\/\/dominikahome.com\/wp-content\/uploads\/2023\/11\/Verona-sofa-115-eng-300x300.jpg\" alt=\"\" width=\"300\" height=\"300\" title=\"\"><br \/>\n<img loading=\"lazy\" decoding=\"async\" class=\"alignnone size-medium wp-image-40600\" src=\"https:\/\/dominikahome.com\/wp-content\/uploads\/2023\/11\/Verona-sofa-140-eng-300x300.jpg\" alt=\"\" width=\"300\" height=\"300\" title=\"\"><\/p>\n<p>&nbsp;<\/p>\n<p>Hecho por encargo 5-7 semanas<\/p>\n","protected":false},"excerpt":{"rendered":"<p>Fabricado en UE<\/p>\n","protected":false},"featured_media":47835,"template":"","meta":[],"product_brand":[743],"product_cat":[674,675],"product_tag":[592,593,594],"class_list":{"0":"post-48287","1":"product","2":"type-product","3":"status-publish","4":"has-post-thumbnail","6":"product_brand-befa-es","7":"product_cat-sofas-es","8":"product_cat-sofas-cama","9":"product_tag-sofa-es","10":"product_tag-sofa-cama-es","11":"product_tag-sofa-cama-es-2","12":"product_shipping_class-pesado","15":"first","16":"instock","17":"shipping-taxable","18":"purchasable","19":"product-type-variable"},"_links":{"self":[{"href":"https:\/\/dominikahome.com\/es\/wp-json\/wp\/v2\/product\/48287","targetHints":{"allow":["GET"]}}],"collection":[{"href":"https:\/\/dominikahome.com\/es\/wp-json\/wp\/v2\/product"}],"about":[{"href":"https:\/\/dominikahome.com\/es\/wp-json\/wp\/v2\/types\/product"}],"wp:featuredmedia":[{"embeddable":true,"href":"https:\/\/dominikahome.com\/es\/wp-json\/wp\/v2\/media\/47835"}],"wp:attachment":[{"href":"https:\/\/dominikahome.com\/es\/wp-json\/wp\/v2\/media?parent=48287"}],"wp:term":[{"taxonomy":"product_brand","embeddable":true,"href":"https:\/\/dominikahome.com\/es\/wp-json\/wp\/v2\/product_brand?post=48287"},{"taxonomy":"product_cat","embeddable":true,"href":"https:\/\/dominikahome.com\/es\/wp-json\/wp\/v2\/product_cat?post=48287"},{"taxonomy":"product_tag","embeddable":true,"href":"https:\/\/dominikahome.com\/es\/wp-json\/wp\/v2\/product_tag?post=48287"}],"curies":[{"name":"wp","href":"https:\/\/api.w.org\/{rel}","templated":true}]}}

Sofá cama Werona 3 tamaños

<p>Werona es un sofá pequeño que, al desplegarse, tiene una función de cama diaria. Se caracteriza por un estilo cautivador. El mueble cuenta con lados ajustables que permiten una relajación adicional en una posición semireclinada. Perfecto tanto para interiores modernos como clásicos.</p>
<p>&nbsp;</p>
<p><img fetchpriority="high" decoding="async" class="alignnone size-medium wp-image-40597" src="https://dominikahome.com/wp-content/uploads/2023/11/Verona-cushion-300x300.jpg" alt="" width="300" height="300" title=""><br />
<img decoding="async" class="alignnone size-medium wp-image-40598" src="https://dominikahome.com/wp-content/uploads/2023/11/Verona-rys-eng-300x252.jpg" alt="" width="300" height="252" title=""><br />
<img decoding="async" class="alignnone size-medium wp-image-40596" src="https://dominikahome.com/wp-content/uploads/2023/11/Verona-sofa-160-eng-300x300.jpg" alt="" width="300" height="300" title=""><br />
<img loading="lazy" decoding="async" class="alignnone size-medium wp-image-40599" src="https://dominikahome.com/wp-content/uploads/2023/11/Verona-sofa-115-eng-300x300.jpg" alt="" width="300" height="300" title=""><br />
<img loading="lazy" decoding="async" class="alignnone size-medium wp-image-40600" src="https://dominikahome.com/wp-content/uploads/2023/11/Verona-sofa-140-eng-300x300.jpg" alt="" width="300" height="300" title=""></p>
<p>&nbsp;</p>
<p>Hecho por encargo 5-7 semanas</p>
