{"id":48306,"date":"2023-11-05T11:27:25","date_gmt":"2023-11-05T11:27:25","guid":{"rendered":"https:\/\/dominikahome.com\/product\/mesas-de-centro-extensibles-spill-trio\/"},"modified":"2023-11-05T11:27:25","modified_gmt":"2023-11-05T11:27:25","slug":"mesas-de-centro-extensibles-spill-trio","status":"publish","type":"product","link":"https:\/\/dominikahome.com\/es\/producto\/mesas-de-centro-extensibles-spill-trio\/","title":{"rendered":"Mesas de centro extensibles Spill trio"},"content":{"rendered":"<div class=\"vc_row wpb_row vc_row-fluid\">\n<div class=\"wpb_column vc_column_container vc_col-sm-12\">\n<div class=\"vc_column-inner\">\n<div class=\"wpb_wrapper\">\n<div class=\"vc_row wpb_row vc_inner vc_row-fluid vc_custom_1464355785350 vc_row-has-fill vc_row-o-content-middle vc_row-flex\">\n<div class=\"wpb_column vc_column_container vc_col-sm-4\">\n<div class=\"vc_column-inner vc_custom_1463676770637\">\n<div class=\"wpb_wrapper\">\n<div class=\"wpb_text_column wpb_content_element vc_custom_1543830767109\">\n<div class=\"wpb_wrapper\">\n<h3>Mesa Spill Trio<\/h3>\n<p>                                        Tres mesas Spill en diferentes tama\u00f1os crean un extraordinario tr\u00edo. Han sido dise\u00f1adas para permitir que las mesas se plieguen a un tama\u00f1o compacto. Una vez montadas, pueden crear un banco grande, recto o en esquina. Sin embargo, la funcionalidad del tr\u00edo no termina ah\u00ed. Pueden colocarse en diferentes lugares para crear tres mesas auxiliares independientes.<\/p>\n<p>                                        El n\u00famero tres es un s\u00edmbolo de sociabilidad, armon\u00eda y energ\u00eda positiva. El Trio es un dise\u00f1o minimalista que satisface una sorprendente cantidad de necesidades funcionales.\n                                    <\/p><\/div>\n<\/p><\/div>\n<\/p><\/div>\n<\/p><\/div>\n<\/p><\/div>\n<\/p><\/div>\n<\/p><\/div>\n<\/p><\/div>\n<\/p><\/div>\n<\/div>\n<div class=\"vc_row wpb_row vc_row-fluid\">\n<div class=\"wpb_column vc_column_container vc_col-sm-12\">\n<div class=\"vc_column-inner\">\n<div class=\"wpb_wrapper\">\n<div class=\"vc_row wpb_row vc_inner vc_row-fluid vc_custom_1464355792937 vc_row-has-fill vc_row-o-content-middle vc_row-flex\">\n<div class=\"wymiary wpb_column vc_column_container vc_col-sm-8\">\n<div class=\"vc_column-inner vc_custom_1464290451036\">\n<div class=\"wpb_wrapper\">\n<div class=\"wpb_text_column wpb_content_element vc_custom_1543830683145 wid50\">\n<div class=\"wpb_wrapper\">\n<div class=\"wpb_column vc_column_container vc_col-sm-2\">\n<div class=\"vc_column-inner\">\n<div class=\"wpb_wrapper\">\n<div class=\"wpb_text_column wpb_content_element\">\n<div class=\"wpb_wrapper\">\n<p>                                                            <u>Tama\u00f1o &#8220;S&#8221;<\/u><br \/>\n                                                            <strong>dimensiones [mm]:<\/strong><br \/>\n                                                            altura: 473 mm<br \/>\n                                                            ancho: 440 mm<br \/>\n                                                            profundidad: 420 mm<br \/>\n                                                            <strong>peso:<\/strong> 8 kg<\/p><\/div>\n<\/p><\/div>\n<\/p><\/div>\n<\/p><\/div>\n<\/p><\/div>\n<div class=\"wpb_column vc_column_container vc_col-sm-2\">\n<div class=\"vc_column-inner\">\n<div class=\"wpb_wrapper\">\n<div class=\"wpb_text_column wpb_content_element\">\n<div class=\"wpb_wrapper\">\n<p>                                                            <u>Tama\u00f1o &#8220;M&#8221;<\/u><br \/>\n                                                            <strong>dimensiones [mm]:<\/strong><br \/>\n                                                            altura: 495 mm<br \/>\n                                                            ancho: 470 mm<br \/>\n                                                            profundidad: 460 mm<br \/>\n                                                            <strong>peso:<\/strong> 9 kg<\/p><\/div>\n<\/p><\/div>\n<\/p><\/div>\n<\/p><\/div>\n<\/p><\/div>\n<div class=\"wpb_column vc_column_container vc_col-sm-2\">\n<div class=\"vc_column-inner\">\n<div class=\"wpb_wrapper\">\n<div class=\"wpb_text_column wpb_content_element\">\n<div class=\"wpb_wrapper\">\n<p>                                                            <u>Tama\u00f1o &#8220;L&#8221;<\/u><br \/>\n                                                            <strong>dimensiones [mm]:<\/strong><br \/>\n                                                            altura: 517 mm<br \/>\n                                                            ancho: 500 mm<br \/>\n                                                            profundidad: 500 mm<br \/>\n                                                            <strong>peso:<\/strong> 9 kg<\/p><\/div>\n<\/p><\/div>\n<\/p><\/div>\n<\/p><\/div>\n<\/p><\/div>\n<div class=\"wpb_column vc_column_container vc_col-sm-2\">\n<div class=\"vc_column-inner\">\n<div class=\"wpb_wrapper\">\n<div class=\"wpb_text_column wpb_content_element\">\n<div class=\"wpb_wrapper\">\n<p>                                                            <strong>material:<\/strong><br \/>\n                                                            <span id=\"result_box\" class=\"short_text\" lang=\"en\">cumplimiento<\/span>: madera de roble natural, grosor de la superficie de la mesa 15-17 mm, barniz mate\/aceite<br \/>\n                                                            metal: barra s\u00f3lida<br \/>\n                                                            color: recubrimiento en polvo RAL 1013<\/p><\/div>\n<\/p><\/div>\n<\/p><\/div>\n<\/p><\/div>\n<\/p><\/div>\n<\/p><\/div>\n<\/p><\/div>\n<\/p><\/div>\n<\/p><\/div>\n<\/p><\/div>\n<\/p><\/div>\n<\/p><\/div>\n<\/p><\/div>\n<\/p><\/div>\n<\/div>\n<p>Hecho por encargo 4-6 semanas<\/p>\n","protected":false},"excerpt":{"rendered":"<p>HECHO EN EUROPA<\/p>\n","protected":false},"featured_media":45899,"template":"","meta":[],"product_brand":[],"product_cat":[434,447],"product_tag":[448],"class_list":{"0":"post-48306","1":"product","2":"type-product","3":"status-publish","4":"has-post-thumbnail","6":"product_cat-mesa","7":"product_cat-mesa-de-centro","8":"product_tag-mesa-de-cafe","9":"product_shipping_class-s-m-es","12":"first","13":"instock","14":"shipping-taxable","15":"purchasable","16":"product-type-simple"},"_links":{"self":[{"href":"https:\/\/dominikahome.com\/es\/wp-json\/wp\/v2\/product\/48306","targetHints":{"allow":["GET"]}}],"collection":[{"href":"https:\/\/dominikahome.com\/es\/wp-json\/wp\/v2\/product"}],"about":[{"href":"https:\/\/dominikahome.com\/es\/wp-json\/wp\/v2\/types\/product"}],"wp:featuredmedia":[{"embeddable":true,"href":"https:\/\/dominikahome.com\/es\/wp-json\/wp\/v2\/media\/45899"}],"wp:attachment":[{"href":"https:\/\/dominikahome.com\/es\/wp-json\/wp\/v2\/media?parent=48306"}],"wp:term":[{"taxonomy":"product_brand","embeddable":true,"href":"https:\/\/dominikahome.com\/es\/wp-json\/wp\/v2\/product_brand?post=48306"},{"taxonomy":"product_cat","embeddable":true,"href":"https:\/\/dominikahome.com\/es\/wp-json\/wp\/v2\/product_cat?post=48306"},{"taxonomy":"product_tag","embeddable":true,"href":"https:\/\/dominikahome.com\/es\/wp-json\/wp\/v2\/product_tag?post=48306"}],"curies":[{"name":"wp","href":"https:\/\/api.w.org\/{rel}","templated":true}]}}

<div class="vc_row wpb_row vc_row-fluid">
<div class="wpb_column vc_column_container vc_col-sm-12">
<div class="vc_column-inner">
<div class="wpb_wrapper">
<div class="vc_row wpb_row vc_inner vc_row-fluid vc_custom_1464355785350 vc_row-has-fill vc_row-o-content-middle vc_row-flex">
<div class="wpb_column vc_column_container vc_col-sm-4">
<div class="vc_column-inner vc_custom_1463676770637">
<div class="wpb_wrapper">
<div class="wpb_text_column wpb_content_element vc_custom_1543830767109">
<div class="wpb_wrapper">
<h3>Mesa Spill Trio</h3>
<p>                                        Tres mesas Spill en diferentes tamaños crean un extraordinario trío. Han sido diseñadas para permitir que las mesas se plieguen a un tamaño compacto. Una vez montadas, pueden crear un banco grande, recto o en esquina. Sin embargo, la funcionalidad del trío no termina ahí. Pueden colocarse en diferentes lugares para crear tres mesas auxiliares independientes.</p>
<p>                                        El número tres es un símbolo de sociabilidad, armonía y energía positiva. El Trio es un diseño minimalista que satisface una sorprendente cantidad de necesidades funcionales.
                                    </p></div>
</p></div>
</p></div>
</p></div>
</p></div>
</p></div>
</p></div>
</p></div>
</p></div>
</div>
<div class="vc_row wpb_row vc_row-fluid">
<div class="wpb_column vc_column_container vc_col-sm-12">
<div class="vc_column-inner">
<div class="wpb_wrapper">
<div class="vc_row wpb_row vc_inner vc_row-fluid vc_custom_1464355792937 vc_row-has-fill vc_row-o-content-middle vc_row-flex">
<div class="wymiary wpb_column vc_column_container vc_col-sm-8">
<div class="vc_column-inner vc_custom_1464290451036">
<div class="wpb_wrapper">
<div class="wpb_text_column wpb_content_element vc_custom_1543830683145 wid50">
<div class="wpb_wrapper">
<div class="wpb_column vc_column_container vc_col-sm-2">
<div class="vc_column-inner">
<div class="wpb_wrapper">
<div class="wpb_text_column wpb_content_element">
<div class="wpb_wrapper">
<p>                                                            <u>Tamaño &#8220;S&#8221;</u><br />
                                                            <strong>dimensiones [mm]:</strong><br />
                                                            altura: 473 mm<br />
                                                            ancho: 440 mm<br />
                                                            profundidad: 420 mm<br />
                                                            <strong>peso:</strong> 8 kg</p></div>
</p></div>
</p></div>
</p></div>
</p></div>
<div class="wpb_column vc_column_container vc_col-sm-2">
<div class="vc_column-inner">
<div class="wpb_wrapper">
<div class="wpb_text_column wpb_content_element">
<div class="wpb_wrapper">
<p>                                                            <u>Tamaño &#8220;M&#8221;</u><br />
                                                            <strong>dimensiones [mm]:</strong><br />
                                                            altura: 495 mm<br />
                                                            ancho: 470 mm<br />
                                                            profundidad: 460 mm<br />
                                                            <strong>peso:</strong> 9 kg</p></div>
</p></div>
</p></div>
</p></div>
</p></div>
<div class="wpb_column vc_column_container vc_col-sm-2">
<div class="vc_column-inner">
<div class="wpb_wrapper">
<div class="wpb_text_column wpb_content_element">
<div class="wpb_wrapper">
<p>                                                            <u>Tamaño &#8220;L&#8221;</u><br />
                                                            <strong>dimensiones [mm]:</strong><br />
                                                            altura: 517 mm<br />
                                                            ancho: 500 mm<br />
                                                            profundidad: 500 mm<br />
                                                            <strong>peso:</strong> 9 kg</p></div>
</p></div>
</p></div>
</p></div>
</p></div>
<div class="wpb_column vc_column_container vc_col-sm-2">
<div class="vc_column-inner">
<div class="wpb_wrapper">
<div class="wpb_text_column wpb_content_element">
<div class="wpb_wrapper">
<p>                                                            <strong>material:</strong><br />
                                                            <span id="result_box" class="short_text" lang="en">cumplimiento</span>: madera de roble natural, grosor de la superficie de la mesa 15-17 mm, barniz mate/aceite<br />
                                                            metal: barra sólida<br />
                                                            color: recubrimiento en polvo RAL 1013</p></div>
</p></div>
</p></div>
</p></div>
</p></div>
</p></div>
</p></div>
</p></div>
</p></div>
</p></div>
</p></div>
</p></div>
</p></div>
</p></div>
</div>
<p>Hecho por encargo 4-6 semanas</p>
