{"id":48311,"date":"2023-11-05T11:46:15","date_gmt":"2023-11-05T11:46:15","guid":{"rendered":"https:\/\/dominikahome.com\/product\/armario-de-madera-trygge\/"},"modified":"2023-11-05T11:46:15","modified_gmt":"2023-11-05T11:46:15","slug":"armario-de-madera-trygge","status":"publish","type":"product","link":"https:\/\/dominikahome.com\/es\/producto\/armario-de-madera-trygge\/","title":{"rendered":"Armario de madera Trygge"},"content":{"rendered":"<div class=\"vc_row wpb_row vc_row-fluid vc_custom_1463397378727\">\n<div class=\"wpb_column vc_column_container vc_col-sm-12\">\n<div class=\"vc_column-inner\">\n<div class=\"wpb_wrapper\">\n<div class=\"vc_row wpb_row vc_inner vc_row-fluid vc_custom_1464352303846 vc_row-has-fill vc_row-o-content-middle vc_row-flex\">\n<div class=\"wpb_column vc_column_container vc_col-sm-4\">\n<div class=\"vc_column-inner vc_custom_1463676770637\">\n<div class=\"wpb_wrapper\">\n<div class=\"wpb_text_column wpb_content_element vc_custom_1532346268711\">\n<div class=\"wpb_wrapper\">\n<h3>Armario Trygge<\/h3>\n<p>                                        El armario te ayudar\u00e1 a organizar el espacio, ocultando todo lo que debe estar a la mano, pero que no necesariamente tiene que estar en la superficie.<\/p>\n<p>                                        El armario Trygge se abre con un sistema de un solo toque, conocido de los contenedores Havn. Esto facilita su uso y tambi\u00e9n crea superficies lisas que no interrumpen el minimalismo del interior.<\/p>\n<p>                                        El armario se puede colocar libremente en todas las estanter\u00edas de la colecci\u00f3n Oslo, creando cualquier configuraci\u00f3n de esta manera. Cuando se coloca recto, calmar\u00e1 y organizar\u00e1 el interior. Colocado de manera oblicua, introducir\u00e1 un efecto geom\u00e9trico y constituir\u00e1 un fuerte acento en el interior.\n                                    <\/p><\/div>\n<\/p><\/div>\n<\/p><\/div>\n<\/p><\/div>\n<\/p><\/div>\n<\/p><\/div>\n<\/p><\/div>\n<\/p><\/div>\n<\/p><\/div>\n<\/div>\n<div class=\"vc_row wpb_row vc_row-fluid\">\n<div class=\"wpb_column vc_column_container vc_col-sm-12\">\n<div class=\"vc_column-inner\">\n<div class=\"wpb_wrapper\">\n<div class=\"vc_row wpb_row vc_inner vc_row-fluid vc_custom_1464352311689 vc_row-has-fill vc_row-o-content-middle vc_row-flex\">\n<div class=\"wpb_column vc_column_container vc_col-sm-8\">\n<div class=\"vc_column-inner vc_custom_1463678574500\">\n<div class=\"wpb_wrapper\">\n<div class=\"wpb_wrapper\">El producto est\u00e1 disponible en varias variantes de acabado. La posibilidad de elegir diferentes maderas para el cuerpo y la puerta ofrece una amplia gama de posibilidades. Es un complemento perfecto para las estanter\u00edas de la colecci\u00f3n Oslo.<\/div>\n<div><\/div>\n<div><strong>Datos t\u00e9cnicos<\/strong><\/div>\n<div>\n<div class=\"wpb_column vc_column_container vc_col-sm-2\">\n<div class=\"vc_column-inner\">\n<div class=\"wpb_wrapper\">\n<div class=\"wpb_text_column wpb_content_element\">\n<div class=\"wpb_wrapper\">\n                                                        <strong>dimensiones [mm]:<\/strong><br \/>\n                                                        altura: 340 mm<br \/>\n                                                        ancho: 540 mm<br \/>\n                                                        profundidad: 360 mm\n                                                    <\/div>\n<\/p><\/div>\n<\/p><\/div>\n<\/p><\/div>\n<\/p><\/div>\n<div class=\"wpb_column vc_column_container vc_col-sm-2\">\n<div class=\"vc_column-inner\">\n<div class=\"wpb_wrapper\">\n<div class=\"wpb_text_column wpb_content_element\">\n<div class=\"wpb_wrapper\">\n                                                        <strong>material:<\/strong><br \/>\n                                                        madera: roble natural, grosor de tablas de 20 mm, barniz\/oil mate<br \/>\n                                                        <strong>peso:<\/strong> 11 kg<br \/>\n                                                        Hecho a pedido: 4-6 semanas\n                                                    <\/div>\n<\/p><\/div>\n<\/p><\/div>\n<\/p><\/div>\n<\/p><\/div>\n<\/p><\/div>\n<\/p><\/div>\n<\/p><\/div>\n<\/p><\/div>\n<\/p><\/div>\n<\/p><\/div>\n<\/p><\/div>\n<\/p><\/div>\n<\/div>\n","protected":false},"excerpt":{"rendered":"<p>HECHO EN EUROPA<\/p>\n","protected":false},"featured_media":45795,"template":"","meta":[],"product_brand":[],"product_cat":[416],"product_tag":[648],"class_list":{"0":"post-48311","1":"product","2":"type-product","3":"status-publish","4":"has-post-thumbnail","6":"product_cat-uncategorized","7":"product_tag-almacenamiento","10":"first","11":"instock","12":"shipping-taxable","13":"purchasable","14":"product-type-simple"},"_links":{"self":[{"href":"https:\/\/dominikahome.com\/es\/wp-json\/wp\/v2\/product\/48311","targetHints":{"allow":["GET"]}}],"collection":[{"href":"https:\/\/dominikahome.com\/es\/wp-json\/wp\/v2\/product"}],"about":[{"href":"https:\/\/dominikahome.com\/es\/wp-json\/wp\/v2\/types\/product"}],"wp:featuredmedia":[{"embeddable":true,"href":"https:\/\/dominikahome.com\/es\/wp-json\/wp\/v2\/media\/45795"}],"wp:attachment":[{"href":"https:\/\/dominikahome.com\/es\/wp-json\/wp\/v2\/media?parent=48311"}],"wp:term":[{"taxonomy":"product_brand","embeddable":true,"href":"https:\/\/dominikahome.com\/es\/wp-json\/wp\/v2\/product_brand?post=48311"},{"taxonomy":"product_cat","embeddable":true,"href":"https:\/\/dominikahome.com\/es\/wp-json\/wp\/v2\/product_cat?post=48311"},{"taxonomy":"product_tag","embeddable":true,"href":"https:\/\/dominikahome.com\/es\/wp-json\/wp\/v2\/product_tag?post=48311"}],"curies":[{"name":"wp","href":"https:\/\/api.w.org\/{rel}","templated":true}]}}

<div class="vc_row wpb_row vc_row-fluid vc_custom_1463397378727">
<div class="wpb_column vc_column_container vc_col-sm-12">
<div class="vc_column-inner">
<div class="wpb_wrapper">
<div class="vc_row wpb_row vc_inner vc_row-fluid vc_custom_1464352303846 vc_row-has-fill vc_row-o-content-middle vc_row-flex">
<div class="wpb_column vc_column_container vc_col-sm-4">
<div class="vc_column-inner vc_custom_1463676770637">
<div class="wpb_wrapper">
<div class="wpb_text_column wpb_content_element vc_custom_1532346268711">
<div class="wpb_wrapper">
<h3>Armario Trygge</h3>
<p>                                        El armario te ayudará a organizar el espacio, ocultando todo lo que debe estar a la mano, pero que no necesariamente tiene que estar en la superficie.</p>
<p>                                        El armario Trygge se abre con un sistema de un solo toque, conocido de los contenedores Havn. Esto facilita su uso y también crea superficies lisas que no interrumpen el minimalismo del interior.</p>
<p>                                        El armario se puede colocar libremente en todas las estanterías de la colección Oslo, creando cualquier configuración de esta manera. Cuando se coloca recto, calmará y organizará el interior. Colocado de manera oblicua, introducirá un efecto geométrico y constituirá un fuerte acento en el interior.
                                    </p></div>
</p></div>
</p></div>
</p></div>
</p></div>
</p></div>
</p></div>
</p></div>
</p></div>
</div>
<div class="vc_row wpb_row vc_row-fluid">
<div class="wpb_column vc_column_container vc_col-sm-12">
<div class="vc_column-inner">
<div class="wpb_wrapper">
<div class="vc_row wpb_row vc_inner vc_row-fluid vc_custom_1464352311689 vc_row-has-fill vc_row-o-content-middle vc_row-flex">
<div class="wpb_column vc_column_container vc_col-sm-8">
<div class="vc_column-inner vc_custom_1463678574500">
<div class="wpb_wrapper">
<div class="wpb_wrapper">El producto está disponible en varias variantes de acabado. La posibilidad de elegir diferentes maderas para el cuerpo y la puerta ofrece una amplia gama de posibilidades. Es un complemento perfecto para las estanterías de la colección Oslo.</div>
<div></div>
<div><strong>Datos técnicos</strong></div>
<div>
<div class="wpb_column vc_column_container vc_col-sm-2">
<div class="vc_column-inner">
<div class="wpb_wrapper">
<div class="wpb_text_column wpb_content_element">
<div class="wpb_wrapper">
                                                        <strong>dimensiones [mm]:</strong><br />
                                                        altura: 340 mm<br />
                                                        ancho: 540 mm<br />
                                                        profundidad: 360 mm
                                                    </div>
</p></div>
</p></div>
</p></div>
</p></div>
<div class="wpb_column vc_column_container vc_col-sm-2">
<div class="vc_column-inner">
<div class="wpb_wrapper">
<div class="wpb_text_column wpb_content_element">
<div class="wpb_wrapper">
                                                        <strong>material:</strong><br />
                                                        madera: roble natural, grosor de tablas de 20 mm, barniz/oil mate<br />
                                                        <strong>peso:</strong> 11 kg<br />
                                                        Hecho a pedido: 4-6 semanas
                                                    </div>
</p></div>
</p></div>
</p></div>
</p></div>
</p></div>
</p></div>
</p></div>
</p></div>
</p></div>
</p></div>
</p></div>
</p></div>
</div>
