{"id":48313,"date":"2023-11-05T10:47:51","date_gmt":"2023-11-05T10:47:51","guid":{"rendered":"https:\/\/dominikahome.com\/product\/comoda-de-madera-maciza-glomma\/"},"modified":"2023-11-05T10:47:51","modified_gmt":"2023-11-05T10:47:51","slug":"comoda-de-madera-maciza-glomma","status":"publish","type":"product","link":"https:\/\/dominikahome.com\/es\/producto\/comoda-de-madera-maciza-glomma\/","title":{"rendered":"C\u00f3moda de madera maciza Glomma"},"content":{"rendered":"<div class=\"vc_row wpb_row vc_row-fluid vc_custom_1463397378727\">\n<div class=\"wpb_column vc_column_container vc_col-sm-12\">\n<div class=\"vc_column-inner\">\n<div class=\"wpb_wrapper\">\n<div class=\"vc_row wpb_row vc_inner vc_row-fluid vc_custom_1464352280170 vc_row-has-fill vc_row-o-content-middle vc_row-flex\">\n<div class=\"wpb_column vc_column_container vc_col-sm-4\">\n<div class=\"vc_column-inner vc_custom_1463676770637\">\n<div class=\"wpb_wrapper\">\n<div class=\"wpb_text_column wpb_content_element vc_custom_1510299056181\">\n<div class=\"wpb_wrapper\">\n<h3>C\u00f3moda Glomma<\/h3>\n<p>                                        La estructura de la c\u00f3moda es una combinaci\u00f3n de madera de roble natural y noble, junto con cuatro patas de acero que garantizan estabilidad. Los frentes de roble macizo est\u00e1n enriquecidos con elementos de nogal s\u00f3lido, que se asemejan a las olas del r\u00edo m\u00e1s largo de Noruega: Glomma. En conjunto, crean un mobiliario completamente funcional con valores funcionales y est\u00e9ticos enriquecidos.\n                                    <\/p><\/div>\n<\/p><\/div>\n<\/p><\/div>\n<\/p><\/div>\n<\/p><\/div>\n<\/p><\/div>\n<\/p><\/div>\n<\/p><\/div>\n<\/p><\/div>\n<\/div>\n<div class=\"vc_row wpb_row vc_row-fluid\">\n<div class=\"wpb_column vc_column_container vc_col-sm-12\">\n<div class=\"vc_column-inner\">\n<div class=\"wpb_wrapper\">\n<div class=\"vc_row wpb_row vc_inner vc_row-fluid vc_custom_1464352287945 vc_row-has-fill vc_row-o-content-middle vc_row-flex\">\n<div class=\"wpb_column vc_column_container vc_col-sm-8\">\n<div class=\"vc_column-inner vc_custom_1463678574500\">\n<div class=\"wpb_wrapper\">\n<div class=\"wpb_text_column wpb_content_element vc_custom_1510299125033 wid50\">\n<div class=\"wpb_wrapper\">\n<div class=\"wpb_text_column wpb_content_element vc_custom_1510299125033 wid50\">\n<div class=\"wpb_wrapper\">\n<div class=\"wpb_column vc_column_container vc_col-sm-2\">\n<div class=\"vc_column-inner\">\n<div class=\"wpb_wrapper\">\n<div class=\"wpb_text_column wpb_content_element\">\n<div class=\"wpb_wrapper\">\n                                                                    <strong>dimensiones [mm]:<\/strong><br \/>\n                                                                    altura: 970 mm<br \/>\n                                                                    ancho: 650 mm<br \/>\n                                                                    profundidad: 410 mm\n                                                                <\/div>\n<\/p><\/div>\n<\/p><\/div>\n<\/p><\/div>\n<\/p><\/div>\n<div class=\"wpb_column vc_column_container vc_col-sm-2\">\n<div class=\"vc_column-inner\">\n<div class=\"wpb_wrapper\">\n<div class=\"wpb_text_column wpb_content_element\">\n<div class=\"wpb_wrapper\">\n                                                                    <strong>material:<\/strong><br \/>\n                                                                    madera: roble natural, grosor de 19 mm en las tablas, barniz mate<br \/>\n                                                                    metal: barra rectangular completa<br \/>\n                                                                    <strong>peso:<\/strong> 31 kg\n                                                                <\/div>\n<\/p><\/div>\n<\/p><\/div>\n<\/p><\/div>\n<\/p><\/div>\n<\/p><\/div>\n<div class=\"wpb_column vc_column_container vc_col-sm-2\">\n<div class=\"vc_column-inner\">\n<div class=\"wpb_wrapper\">\n<div class=\"wpb_text_column wpb_content_element\">\n<div class=\"wpb_wrapper\">Hecho a pedido: 4-6 semanas<\/div>\n<\/p><\/div>\n<\/p><\/div>\n<\/p><\/div>\n<\/p><\/div>\n<\/p><\/div>\n<\/p><\/div>\n<\/p><\/div>\n<\/p><\/div>\n<\/p><\/div>\n<\/p><\/div>\n<\/p><\/div>\n<\/p><\/div>\n<\/p><\/div>\n<\/p><\/div>\n<\/div>\n","protected":false},"excerpt":{"rendered":"<p>HECHO EN EUROPA<\/p>\n","protected":false},"featured_media":45773,"template":"","meta":[],"product_brand":[],"product_cat":[416],"product_tag":[619],"class_list":{"0":"post-48313","1":"product","2":"type-product","3":"status-publish","4":"has-post-thumbnail","6":"product_cat-uncategorized","7":"product_tag-comoda-es","10":"first","11":"instock","12":"shipping-taxable","13":"purchasable","14":"product-type-variable"},"_links":{"self":[{"href":"https:\/\/dominikahome.com\/es\/wp-json\/wp\/v2\/product\/48313","targetHints":{"allow":["GET"]}}],"collection":[{"href":"https:\/\/dominikahome.com\/es\/wp-json\/wp\/v2\/product"}],"about":[{"href":"https:\/\/dominikahome.com\/es\/wp-json\/wp\/v2\/types\/product"}],"wp:featuredmedia":[{"embeddable":true,"href":"https:\/\/dominikahome.com\/es\/wp-json\/wp\/v2\/media\/45773"}],"wp:attachment":[{"href":"https:\/\/dominikahome.com\/es\/wp-json\/wp\/v2\/media?parent=48313"}],"wp:term":[{"taxonomy":"product_brand","embeddable":true,"href":"https:\/\/dominikahome.com\/es\/wp-json\/wp\/v2\/product_brand?post=48313"},{"taxonomy":"product_cat","embeddable":true,"href":"https:\/\/dominikahome.com\/es\/wp-json\/wp\/v2\/product_cat?post=48313"},{"taxonomy":"product_tag","embeddable":true,"href":"https:\/\/dominikahome.com\/es\/wp-json\/wp\/v2\/product_tag?post=48313"}],"curies":[{"name":"wp","href":"https:\/\/api.w.org\/{rel}","templated":true}]}}

Cómoda de madera maciza Glomma

<div class="vc_row wpb_row vc_row-fluid vc_custom_1463397378727">
<div class="wpb_column vc_column_container vc_col-sm-12">
<div class="vc_column-inner">
<div class="wpb_wrapper">
<div class="vc_row wpb_row vc_inner vc_row-fluid vc_custom_1464352280170 vc_row-has-fill vc_row-o-content-middle vc_row-flex">
<div class="wpb_column vc_column_container vc_col-sm-4">
<div class="vc_column-inner vc_custom_1463676770637">
<div class="wpb_wrapper">
<div class="wpb_text_column wpb_content_element vc_custom_1510299056181">
<div class="wpb_wrapper">
<h3>Cómoda Glomma</h3>
<p>                                        La estructura de la cómoda es una combinación de madera de roble natural y noble, junto con cuatro patas de acero que garantizan estabilidad. Los frentes de roble macizo están enriquecidos con elementos de nogal sólido, que se asemejan a las olas del río más largo de Noruega: Glomma. En conjunto, crean un mobiliario completamente funcional con valores funcionales y estéticos enriquecidos.
                                    </p></div>
</p></div>
</p></div>
</p></div>
</p></div>
</p></div>
</p></div>
</p></div>
</p></div>
</div>
<div class="vc_row wpb_row vc_row-fluid">
<div class="wpb_column vc_column_container vc_col-sm-12">
<div class="vc_column-inner">
<div class="wpb_wrapper">
<div class="vc_row wpb_row vc_inner vc_row-fluid vc_custom_1464352287945 vc_row-has-fill vc_row-o-content-middle vc_row-flex">
<div class="wpb_column vc_column_container vc_col-sm-8">
<div class="vc_column-inner vc_custom_1463678574500">
<div class="wpb_wrapper">
<div class="wpb_text_column wpb_content_element vc_custom_1510299125033 wid50">
<div class="wpb_wrapper">
<div class="wpb_text_column wpb_content_element vc_custom_1510299125033 wid50">
<div class="wpb_wrapper">
<div class="wpb_column vc_column_container vc_col-sm-2">
<div class="vc_column-inner">
<div class="wpb_wrapper">
<div class="wpb_text_column wpb_content_element">
<div class="wpb_wrapper">
                                                                    <strong>dimensiones [mm]:</strong><br />
                                                                    altura: 970 mm<br />
                                                                    ancho: 650 mm<br />
                                                                    profundidad: 410 mm
                                                                </div>
</p></div>
</p></div>
</p></div>
</p></div>
<div class="wpb_column vc_column_container vc_col-sm-2">
<div class="vc_column-inner">
<div class="wpb_wrapper">
<div class="wpb_text_column wpb_content_element">
<div class="wpb_wrapper">
                                                                    <strong>material:</strong><br />
                                                                    madera: roble natural, grosor de 19 mm en las tablas, barniz mate<br />
                                                                    metal: barra rectangular completa<br />
                                                                    <strong>peso:</strong> 31 kg
                                                                </div>
</p></div>
</p></div>
</p></div>
</p></div>
</p></div>
<div class="wpb_column vc_column_container vc_col-sm-2">
<div class="vc_column-inner">
<div class="wpb_wrapper">
<div class="wpb_text_column wpb_content_element">
<div class="wpb_wrapper">Hecho a pedido: 4-6 semanas</div>
</p></div>
</p></div>
</p></div>
</p></div>
</p></div>
</p></div>
</p></div>
</p></div>
</p></div>
</p></div>
</p></div>
</p></div>
</p></div>
</p></div>
</div>
